 3*s - t. What is the units digit of s?
6
Let n be ((-7)/3)/(1/(-3)). Suppose -5*x + 3*y - 14 = 0, n = 4*x - 3*y + 20. Let w(k) = -6*k**3 + k + 1. What is the units digit of w(x)?
6
Let n(q) = -4*q + 2. Let d be n(-2). Let f = 16 - d. What is the units digit of f?
6
Suppose -6*v + 6 = -3*v. Let f(s) = -s**2 + 6*s - 2. Let c be f(4). Suppose c = v*w - 4. What is the units digit of w?
5
Let p = 3 + 5. Let h = 2 - p. What is the units digit of 2*1 - 36/h?
8
Let j = -14 - -9. Let m = j + 12. What is the units digit of m?
7
Let k(h) = -h + 13. Let t(f) = f + 1. Let a(x) = -3*x + 8. Let w(u) = a(u) + 2*t(u). Let j be w(10). What is the tens digit of k(j)?
1
Let h(q) = q**2 - 9*q - 102. What is the units digit of h(16)?
0
Let u be (-7 - 0 - 3)*7. Let n = u + 112. What is the units digit of n?
2
What is the tens digit of 46 + ((-1 - 1) + 0 - -2)?
4
Suppose 16*k = 18*k - 158. What is the tens digit of k?
7
Let i = -11 - -19. Let t = i - -5. What is the units digit of t?
3
Suppose 2*y - 5*d = 4*y - 26, 5*d - 14 = 2*y. Suppose 50 = y*c + 8. Suppose -s + 3*s = c. What is the units digit of s?
7
Let f(y) = -2*y + 7*y - 2*y**2 + 3*y**2 - y. What is the units digit of f(-5)?
5
Suppose v - 5*v + 52 = 0. Suppose 0 = 6*f - f - 20. Suppose b - h = v, -f*b = -2*h - h - 47. What is the units digit of b?
8
Let a(r) = -r**2 - 14*r + 15. Let b be a(-15). Suppose 8*q = 3*q. What is the units digit of (q + b)/(-3) + 6?
6
What is the units digit of -1 - -2 - 12/(-9)*3?
5
Let x = 6 - -2. Let t be 94/(-10) - x/(-20). Let v = 18 + t. What is the units digit of v?
9
Suppose 12 = -5*m + 37. Suppose 5*r - j - 23 = 0, m*j - 6 = r - 1. Suppose 0*v = r*v - 30. What is the units digit of v?
6
Suppose -5*l = -418 - 2. What is the units digit of l?
4
Let o(p) = 7*p**3 + p**2 + 7*p + 8. Let k(t) = -3*t**3 - 3*t - 4. Let a be 6*(-2 - (-7)/2). Let v(r) = a*k(r) + 4*o(r). What is the units digit of v(-3)?
2
Let v be (1 - 3)*9/(-6). Suppose v*a - t = -2*t - 35, -4*a - 3*t = 55. What is the units digit of 4/a - (-12)/5?
2
Let j(o) = -141*o - 1. What is the units digit of j(-1)?
0
Let z(x) = x + 11. Let j be z(-8). Suppose 0 = -j*k - 24 - 57. What is the units digit of (-4)/(-8) - k/2?
4
Let z be 8/44 - (-105)/(-33). Let t be -1 - 2*-1 - -3. Let j = z + t. What is the units digit of j?
1
Let i be 0 + 7 + (-2)/(-2). Suppose 2*y - 2*o = 14, -3*o - 20 = -i. Suppose 3*z - 4*b - 45 = 0, y*z = -z - b + 60. What is the tens digit of z?
1
Let s = 39 - 3. What is the tens digit of s?
3
Let n = 9 + -5. Suppose -f - n = -1. Let p(z) = -z**2 - 4*z + 3. What is the units digit of p(f)?
6
Let j(z) = -z**3 + 5*z**2 - 5*z + 5. Let c be j(3). Let b(m) = 2*m + 10. What is the tens digit of b(c)?
2
Let l be (10 + 1)*(-1 + 2). Suppose b - l = 3*h, 3*h + 6 = h. Let m(i) = 7*i - 3. What is the tens digit of m(b)?
1
Let b(t) = t**3 + 5*t**2 + 5*t + 5. Suppose u - a + 3 = 0, -4*u = -a + 4*a + 19. What is the units digit of b(u)?
1
Suppose -5*m + 5*t - 5 = 0, -3*m = -m - 3*t + 7. Let z = m - 1. What is the tens digit of -11*(-2)/6*z?
1
Let d(j) = j**2 + 6*j - 11. Let b be d(-8). What is the tens digit of (14/(-6))/(b/(-30))?
1
Let b = 30 + -14. What is the tens digit of b?
1
Let a(y) = -2*y + 0*y + 8 - 2*y + 3*y. Let t be a(6). Suppose 2 = 2*z - u, -6*z + z + 7 = -t*u. What is the units digit of z?
3
Let u = 14 + 26. What is the units digit of u?
0
Let m = 9 + -2. Let g = m + 7. What is the tens digit of g?
1
Let p(d) be the second derivative of d**7/840 + d**4/24 - d**3/3 - 2*d. Let c(r) be the second derivative of p(r). What is the units digit of c(0)?
1
Let v(s) = s**2 + 5*s + 8. What is the units digit of v(-5)?
8
Suppose 8*a = 3*a. Suppose 2*o = -a*o + 12. What is the units digit of 26/o - 6/(-9)?
5
Let i(h) = 6*h**2 + 2*h + 4. Let n(f) = -6*f**2 - 2*f - 5. Let p(z) = 4*i(z) + 3*n(z). What is the units digit of p(-1)?
5
Let k be ((-44)/20 + 3)*155. Suppose 0*n + 4*n - k = 0. What is the tens digit of n?
3
Let k(g) = g - 1. Let t be k(4). Suppose -d + 173 = 3*d + 3*v, -t*v = -d + 62. What is the units digit of d?
7
Let c be (-2)/8 + 115/(-20). Let p = 3 + c. What is the units digit of (2 + 0)/(-2)*p?
3
Let q(m) = m**3 - 9*m**2 - 11*m - 2. What is the hundreds digit of q(11)?
1
Suppose -7 = -2*x - 1. Suppose -x*y + 22 = 1. What is the units digit of y?
7
What is the units digit of 673/2 + (-11)/(-22)?
7
Let u = -9 + 13. Suppose -5*s - g = 1 - 6, s - u*g - 1 = 0. What is the units digit of s?
1
Let r(y) = 10*y + 1. Let n(b) = -b + 14. Let g be n(12). What is the tens digit of r(g)?
2
Suppose -2*y = 2*y - 24. Suppose 13 = z - y. What is the units digit of z?
9
Suppose 12*y - 378 = 10*y. What is the hundreds digit of y?
1
Let d = -20 + -11. Let l be (-1)/5 - d/5. Let x = l + -5. What is the units digit of x?
1
Let i be 2/4*(-30)/(-1). Suppose 2*p = -11 - 3. Let l = p + i. What is the units digit of l?
8
Let o(f) = -f**3 + 3*f**2 + 2*f + 1. Suppose u = -5*v + 23, -4*v + 10 = -10. What is the units digit of o(u)?
7
Suppose -5*q + 4*p = -193, -4*q + 4*p - 8*p = -140. Suppose 2*x + 6*s - 4*s - 38 = 0, 2*x - q = -s. What is the units digit of x?
8
Let f(t) = 5*t - 1. Let s be f(1). Suppose -2*l - 5*a + 13 = 0, 4*a + 0 = s. What is the units digit of l?
4
Suppose 5*i = -3*m + 79, 5*i - 3*i - 24 = -5*m. Let z = i - 5. What is the units digit of z?
2
Let l(k) be the second derivative of k**5/20 - k**4/3 - k**3 + 3*k**2 + 3*k. Let w be l(5). Suppose -w = -2*q + 9. What is the units digit of q?
5
Let d = -21 + 53. Let n = 59 - d. What is the units digit of n?
7
Suppose 5*j = -0*j. Suppose -3*f + 12 = 5*y, -f - 2*y + 5 = -j*f. Let l = f + 8. What is the units digit of l?
7
Let b = 85 - 59. What is the tens digit of b?
2
Suppose x - 5*x = -4. Let r(g) = -2*g - 2*g + 5*g + 3*g**3. What is the units digit of r(x)?
4
Let p = 9 + -1. Let r = 7 - p. Let h = 6 + r. What is the units digit of h?
5
Let j = 109 - 175. Let u = j + 92. What is the units digit of u?
6
Suppose 0 = 2*t + t + 6. What is the units digit of t/5 + (-134)/(-10)?
3
Let o(l) = -9*l + 19. What is the tens digit of o(-8)?
9
Let q = 16 - 10. Let c = q + -2. What is the units digit of c?
4
Suppose -5*x = -3*x - 3*w - 47, 0 = -5*w + 15. What is the tens digit of x?
2
What is the units digit of 12/3*1 + 0?
4
Let l be (-18)/8 + (-15)/20. What is the units digit of l*3/(-6)*6?
9
Let w = 296 - 76. What is the hundreds digit of w?
2
Suppose 2*m + 3*i = 5*m + 12, 12 = 4*i. Let x be (-13)/4*m*8. What is the units digit of 3/6 - x/(-4)?
7
Let g be (-6)/(-1*4 - -3). Suppose g*q = 4*q + 8. Suppose -2*j - x + 4 = 0, -3*j + 14 = -j - q*x. What is the units digit of j?
3
Let r(h) = -h**2 - 3*h + 264. What is the units digit of r(0)?
4
Suppose 5*y = -2*n + 10, 0*n - 3*n = -4*y + 31. Suppose 2*r - d = 3, y*r = r + 2*d + 4. Suppose 2*f = r*q - 4 - 4, -2*f - 7 = -q. What is the units digit of q?
1
Let t(l) = 4*l - 4. Let c(v) = -9*v + 9. Let p(w) = -3*c(w) - 5*t(w). What is the units digit of p(4)?
1
Let h(j) = 7*j - 7. What is the units digit of h(3)?
4
Suppose -4*g + 90 = -3*g. What is the tens digit of g?
9
Suppose 5*h - 6 + 1 = 0. What is the units digit of h?
1
Suppose 4*g = 4*o - 27 - 61, 5*o - 4*g = 108. Suppose 7*q - o = 2*q. What is the units digit of q?
4
Suppose -5*g + 810 = -5*h, -3*h + 20 = h. What is the units digit of g?
7
Let r = 22 - 11. Suppose 19 + r = 3*f. What is the units digit of f?
0
Let x be (-106)/((-2 + -4)/3). Let n = -28 + x. What is the tens digit of n?
2
Let r(w) = w + 5. Let g(f) = 0 - 2*f - 5 + 4*f. Let x be g(5). What is the tens digit of r(x)?
1
Suppose -f - 1 = -5, f = -2*t + 10. Suppose 0 = -t*n + 5*r - 6, -n + 2 = -r + 4. Let z = n - -3. What is the units digit of z?
1
Let t be (-12)/(-10) - (-1)/(-5). What is the units digit of t/(-3) + 66/9?
7
Suppose -c = -2*z - 6 - 6, -2*c + 20 = -3*z. Let h be (-4 + c)/(1*2). Suppose h*j + 4*j + s - 9 = 0, 3*j + 4*s - 23 = 0. What is the units digit of j?
1
Let p(z) = -z**3 + 5*z**2 - 4*z + 5. Let u be p(4). Suppose 4*b + 28 = 2*g, -u*g + 8*g = -5*b + 53. What is the units digit of g?
6
Let d(s) = s**3 - s - 5. Let a be d(0). Let o be (5/a)/(2/(-6)). Suppose 4*t - o = 25. What is the units digit of t?
7
Suppose -2*m - 5*r + 154 = -0*m, 2*r - 4 = 0. Suppose -2*x - m = -6*x. What is the tens digit of x?
1